{"id":1457,"date":"2022-09-20T15:12:30","date_gmt":"2022-09-20T13:12:30","guid":{"rendered":"https:\/\/mchoses.fr\/?post_type=product&#038;p=1457"},"modified":"2026-03-23T16:15:20","modified_gmt":"2026-03-23T15:15:20","slug":"bloqueurs-de-chaussettes-kremke-soul-wool","status":"publish","type":"product","link":"https:\/\/mchoses.fr\/?product=bloqueurs-de-chaussettes-kremke-soul-wool","title":{"rendered":"Bloqueurs de chaussettes &#8211; KREMKE SOUL WOOL"},"content":{"rendered":"<div class=\"row\">\n<div class=\"col-md-12 \">\n<div class=\"title\">\n<h2>BLOQUEUR DE CHAUSSETTE EN BOIS FIN &#8211; KREMKE SOUL WOOL<\/h2>\n<p>&nbsp;<\/p>\n<\/div>\n<\/div>\n<\/div>\n<div class=\"row\">\n<div class=\"col-md-4\">\n<ul>\n<li class=\"font-weight-bold my-3\">Composition : 100% bois<\/li>\n<\/ul>\n<p>&nbsp;<\/p>\n<p class=\"text-justify\">Ce bloque-chaussettes pratique n&rsquo;est pas seulement un outil pratique mais aussi tr\u00e8s attrayant pour prendre des photos de vos chaussettes tricot\u00e9es !<\/p>\n<p class=\"text-justify\">Disponible en 4 tailles, adapt\u00e9es aux pointures sp\u00e9cifi\u00e9es :<\/p>\n<ol>\n<li class=\"text-justify\"><strong>S <\/strong>&#8211; 35-37<\/li>\n<li class=\"text-justify\"><strong>M<\/strong> &#8211; 38-40<\/li>\n<li><strong>L<\/strong> &#8211; 40-42<\/li>\n<li><strong>XL &#8211; <\/strong>43-45<\/li>\n<\/ol>\n<\/div>\n<\/div>\n<p>Vendu \u00e0 l&rsquo;unit\u00e9.<\/p>\n","protected":false},"excerpt":{"rendered":"<p>BLOQUEUR DE CHAUSSETTE EN BOIS FIN &#8211; KREMKE SOUL WOOL &nbsp; Composition : 100% bois &nbsp; Ce bloque-chaussettes pratique n&rsquo;est pas seulement un outil pratique mais aussi tr\u00e8s attrayant pour &hellip; <\/p>\n","protected":false},"featured_media":4339,"comment_status":"closed","ping_status":"closed","template":"","meta":{"_crdt_document":"","_monsterinsights_skip_tracking":false,"_monsterinsights_sitenote_active":false,"_monsterinsights_sitenote_note":"","_monsterinsights_sitenote_category":0,"_uf_show_specific_survey":0,"_uf_disable_surveys":false,"jetpack_publicize_message":"","jetpack_publicize_feature_enabled":true,"jetpack_social_post_already_shared":false,"jetpack_social_options":{"image_generator_settings":{"template":"highway","default_image_id":0,"font":"","enabled":false},"version":2}},"product_brand":[],"product_cat":[194,159],"product_tag":[],"class_list":{"0":"post-1457","1":"product","2":"type-product","3":"status-publish","4":"has-post-thumbnail","6":"product_cat-accessoires","7":"product_cat-tricot","9":"first","10":"instock","11":"taxable","12":"shipping-taxable","13":"purchasable","14":"product-type-variable"},"aioseo_notices":[],"jetpack_publicize_connections":[],"jetpack_sharing_enabled":true,"_links":{"self":[{"href":"https:\/\/mchoses.fr\/index.php?rest_route=\/wp\/v2\/product\/1457","targetHints":{"allow":["GET"]}}],"collection":[{"href":"https:\/\/mchoses.fr\/index.php?rest_route=\/wp\/v2\/product"}],"about":[{"href":"https:\/\/mchoses.fr\/index.php?rest_route=\/wp\/v2\/types\/product"}],"replies":[{"embeddable":true,"href":"https:\/\/mchoses.fr\/index.php?rest_route=%2Fwp%2Fv2%2Fcomments&post=1457"}],"wp:featuredmedia":[{"embeddable":true,"href":"https:\/\/mchoses.fr\/index.php?rest_route=\/wp\/v2\/media\/4339"}],"wp:attachment":[{"href":"https:\/\/mchoses.fr\/index.php?rest_route=%2Fwp%2Fv2%2Fmedia&parent=1457"}],"wp:term":[{"taxonomy":"product_brand","embeddable":true,"href":"https:\/\/mchoses.fr\/index.php?rest_route=%2Fwp%2Fv2%2Fproduct_brand&post=1457"},{"taxonomy":"product_cat","embeddable":true,"href":"https:\/\/mchoses.fr\/index.php?rest_route=%2Fwp%2Fv2%2Fproduct_cat&post=1457"},{"taxonomy":"product_tag","embeddable":true,"href":"https:\/\/mchoses.fr\/index.php?rest_route=%2Fwp%2Fv2%2Fproduct_tag&post=1457"}],"curies":[{"name":"wp","href":"https:\/\/api.w.org\/{rel}","templated":true}]}}