{"id":2793,"date":"2023-01-26T16:05:22","date_gmt":"2023-01-26T15:05:22","guid":{"rendered":"https:\/\/mchoses.fr\/?post_type=product&#038;p=2793"},"modified":"2026-01-12T17:38:21","modified_gmt":"2026-01-12T16:38:21","slug":"aiguilles-interchangeables-mindful-13-cm-knit-pro","status":"publish","type":"product","link":"https:\/\/mchoses.fr\/?product=aiguilles-interchangeables-mindful-13-cm-knit-pro","title":{"rendered":"AIGUILLES INTERCHANGEABLES MINDFUL (13 cm ) &#8211; KNIT PRO"},"content":{"rendered":"<h2 class=\"ng-scope\">Aiguilles interchangeables MINDFUL (13 cm ( 5\u201d )) &#8211; KNIT PRO<\/h2>\n<div class=\"jetpack-video-wrapper\"><iframe loading=\"lazy\" title=\"Interchangeable Circular Knitting Needles | The Mindful Collection | KnitPro\" width=\"830\" height=\"467\" src=\"https:\/\/www.youtube.com\/embed\/G6pC3g6xLkg?feature=oembed\" frameborder=\"0\" allow=\"accelerometer; autoplay; clipboard-write; encrypted-media; gyroscope; picture-in-picture; web-share\" allowfullscreen><\/iframe><\/div>\n<p>Les points interchangeables de la\u00a0<b>collection KnitPro Mindful<\/b>\u00a0assurent des heures de plaisir \u00e0 tricoter. Dans la collection Mindful, le tricot en tant que\u00a0<i>pleine conscience<\/i>\u00a0est central. Se concentrer sur le mouvement rythmique et r\u00e9p\u00e9titif des aiguilles \u00e0 tricoter a un effet calmant et r\u00e9duit le stress. Cela a un effet sain sur le corps et l\u2019esprit.<\/p>\n<ul>\n<li>Longueur : 13 cm<\/li>\n<li>Du 3 au 6,5 mm<\/li>\n<\/ul>\n<p>Les pointes d\u2019aiguille aux finitions lisses sont en acier inoxydable et donc tr\u00e8s solides et durables. En raison de la pointe progressivement effil\u00e9e, les aiguilles glissent sans effort \u00e0 travers les points de suture. En plus de la taille, chaque aiguille a \u00e9galement un sort qui est en ligne avec l\u2019id\u00e9e derri\u00e8re la collection Mindful.<\/p>\n<p>Ces pointes d\u2019aiguilles interchangeables de 13 cm de long peuvent \u00eatre combin\u00e9es avec tous les c\u00e2bles et accessoires KnitPro.<\/p>\n","protected":false},"excerpt":{"rendered":"<p>Aiguilles interchangeables MINDFUL (13 cm ( 5\u201d )) &#8211; KNIT PRO Les points interchangeables de la\u00a0collection KnitPro Mindful\u00a0assurent des heures de plaisir \u00e0 tricoter. Dans la collection Mindful, le tricot &hellip; <\/p>\n","protected":false},"featured_media":4235,"comment_status":"closed","ping_status":"closed","template":"","meta":{"_crdt_document":"","_monsterinsights_skip_tracking":false,"_monsterinsights_sitenote_active":false,"_monsterinsights_sitenote_note":"","_monsterinsights_sitenote_category":0,"_uf_show_specific_survey":0,"_uf_disable_surveys":false,"jetpack_publicize_message":"","jetpack_publicize_feature_enabled":true,"jetpack_social_post_already_shared":false,"jetpack_social_options":{"image_generator_settings":{"template":"highway","default_image_id":0,"font":"","enabled":false},"version":2}},"product_brand":[],"product_cat":[193,159],"product_tag":[304,177,175,274,176,294,508,219,507,180,295],"class_list":{"0":"post-2793","1":"product","2":"type-product","3":"status-publish","4":"has-post-thumbnail","6":"product_cat-aiguilles-a-tricoter","7":"product_cat-tricot","8":"product_tag-13-cm","9":"product_tag-acier","10":"product_tag-aiguilles","11":"product_tag-chiaogoo","12":"product_tag-circulaire","13":"product_tag-interchangeable","14":"product_tag-knitpro","15":"product_tag-metal","16":"product_tag-mindfull","17":"product_tag-tricot","18":"product_tag-twist-red-lace","20":"first","21":"instock","22":"taxable","23":"shipping-taxable","24":"purchasable","25":"product-type-variable"},"aioseo_notices":[],"jetpack_publicize_connections":[],"jetpack_sharing_enabled":true,"_links":{"self":[{"href":"https:\/\/mchoses.fr\/index.php?rest_route=\/wp\/v2\/product\/2793","targetHints":{"allow":["GET"]}}],"collection":[{"href":"https:\/\/mchoses.fr\/index.php?rest_route=\/wp\/v2\/product"}],"about":[{"href":"https:\/\/mchoses.fr\/index.php?rest_route=\/wp\/v2\/types\/product"}],"replies":[{"embeddable":true,"href":"https:\/\/mchoses.fr\/index.php?rest_route=%2Fwp%2Fv2%2Fcomments&post=2793"}],"wp:featuredmedia":[{"embeddable":true,"href":"https:\/\/mchoses.fr\/index.php?rest_route=\/wp\/v2\/media\/4235"}],"wp:attachment":[{"href":"https:\/\/mchoses.fr\/index.php?rest_route=%2Fwp%2Fv2%2Fmedia&parent=2793"}],"wp:term":[{"taxonomy":"product_brand","embeddable":true,"href":"https:\/\/mchoses.fr\/index.php?rest_route=%2Fwp%2Fv2%2Fproduct_brand&post=2793"},{"taxonomy":"product_cat","embeddable":true,"href":"https:\/\/mchoses.fr\/index.php?rest_route=%2Fwp%2Fv2%2Fproduct_cat&post=2793"},{"taxonomy":"product_tag","embeddable":true,"href":"https:\/\/mchoses.fr\/index.php?rest_route=%2Fwp%2Fv2%2Fproduct_tag&post=2793"}],"curies":[{"name":"wp","href":"https:\/\/api.w.org\/{rel}","templated":true}]}}