{"id":3250,"date":"2025-12-20T11:35:20","date_gmt":"2025-12-20T10:35:20","guid":{"rendered":"https:\/\/mchoses.fr\/?post_type=product&#038;p=3250"},"modified":"2026-04-23T10:26:52","modified_gmt":"2026-04-23T08:26:52","slug":"circulaire","status":"publish","type":"product","link":"https:\/\/mchoses.fr\/?product=circulaire","title":{"rendered":"Atelier tricot &#8211; Les bases"},"content":{"rendered":"<h3>Les bases du <a href=\"https:\/\/fr.wikipedia.org\/wiki\/Tricot_circulaire\">tricot<\/a><\/h3>\n<p>Tu veux te lancer dans le tricot mais tu ne sais pas par o\u00f9 commencer ? Cet atelier est fait pour toi !<\/p>\n<p>Pendant 2h, tu apprendras \u00e0 tricoter, \u00e0 g\u00e9rer les mailles endroit et envers, \u00e0 dompter les marqueurs, et \u00e0 \u00e9viter les erreurs courantes. De quoi repartir avec une belle base pour te lancer dans des projets que tu lorgne secr\u00e8tement.<\/p>\n<p>\ud83d\udcc6 Le mercredi 29 mai de 14h30 \u00e0 16h30<\/p>\n<p>\ud83d\udcb6 Tarif : <strong>30\u20ac<\/strong><\/p>\n<p>\ud83d\udc4d\ud83c\udffb Niveau : <strong>D\u00e9butant<\/strong> (\u00e0 partir de 12 ans)<\/p>\n<p>\ud83e\uddf6 Mat\u00e9riel : <strong>fourni pour les 2h<\/strong>. (tu peux aussi apporter ton propre mat\u00e9riel si tu en as)<\/p>\n<p>Atelier limit\u00e9 \u00e0 3 participantes \u2013 R\u00e9servation obligatoire<\/p>\n<p><a href=\"https:\/\/fr.wikipedia.org\/wiki\/Tricot_circulaire\">Bonus :<\/a><\/p>\n<p><b>Le tricot circulaire<\/b><span class=\"Apple-converted-space\">\u00a0<\/span>ou le<span class=\"Apple-converted-space\">\u00a0<\/span><b>tricot en rond<\/b><span class=\"Apple-converted-space\">\u00a0<\/span>est une forme de<span class=\"Apple-converted-space\">\u00a0<\/span><a title=\"Tricot\" href=\"https:\/\/fr.wikipedia.org\/wiki\/Tricot\">tricot<\/a><span class=\"Apple-converted-space\">\u00a0<\/span>qui cr\u00e9e un tube sans couture. Le travail en rond commence en montant des mailles comme pour le tricot \u00e0 plat mais en joignant ensuite les extr\u00e9mit\u00e9s de cette rang\u00e9e de mailles pour former un cercle. Le tricot se fait en tours (l&rsquo;\u00e9quivalent des rangs en tricot \u00e0 plat), chaque tour s&rsquo;enroulant en h\u00e9lice sur le tour pr\u00e9c\u00e9dent.<\/p>\n","protected":false},"excerpt":{"rendered":"<p>Les bases du tricot Tu veux te lancer dans le tricot mais tu ne sais pas par o\u00f9 commencer ? Cet atelier est fait pour toi ! Pendant 2h, tu &hellip; <\/p>\n","protected":false},"featured_media":4170,"comment_status":"open","ping_status":"closed","template":"","meta":{"_crdt_document":"","_monsterinsights_skip_tracking":false,"_monsterinsights_sitenote_active":false,"_monsterinsights_sitenote_note":"","_monsterinsights_sitenote_category":0,"_uf_show_specific_survey":0,"_uf_disable_surveys":false,"jetpack_publicize_message":"","jetpack_publicize_feature_enabled":true,"jetpack_social_post_already_shared":true,"jetpack_social_options":{"image_generator_settings":{"template":"highway","default_image_id":0,"font":"","enabled":false},"version":2}},"product_brand":[],"product_cat":[168],"product_tag":[515,513,527,485,274,365,155,187,232,514,512,516,517,204,519,518,520,247,180],"class_list":{"0":"post-3250","1":"product","2":"type-product","3":"status-publish","4":"has-post-thumbnail","6":"product_cat-ateliers","7":"product_tag-aiguilles-circulaires","8":"product_tag-atelier","9":"product_tag-bob","10":"product_tag-bonnet","11":"product_tag-chiaogoo","12":"product_tag-coudre","13":"product_tag-couture","14":"product_tag-elastique","15":"product_tag-fonty","16":"product_tag-gourmandise","17":"product_tag-gouter","18":"product_tag-je-debute","19":"product_tag-knit-pro","20":"product_tag-laine","21":"product_tag-machine","22":"product_tag-petite-knit","23":"product_tag-tension","24":"product_tag-tissu","25":"product_tag-tricot","27":"first","28":"instock","29":"virtual","30":"taxable","31":"purchasable","32":"product-type-simple"},"aioseo_notices":[],"jetpack_publicize_connections":[],"jetpack_sharing_enabled":true,"_links":{"self":[{"href":"https:\/\/mchoses.fr\/index.php?rest_route=\/wp\/v2\/product\/3250","targetHints":{"allow":["GET"]}}],"collection":[{"href":"https:\/\/mchoses.fr\/index.php?rest_route=\/wp\/v2\/product"}],"about":[{"href":"https:\/\/mchoses.fr\/index.php?rest_route=\/wp\/v2\/types\/product"}],"replies":[{"embeddable":true,"href":"https:\/\/mchoses.fr\/index.php?rest_route=%2Fwp%2Fv2%2Fcomments&post=3250"}],"wp:featuredmedia":[{"embeddable":true,"href":"https:\/\/mchoses.fr\/index.php?rest_route=\/wp\/v2\/media\/4170"}],"wp:attachment":[{"href":"https:\/\/mchoses.fr\/index.php?rest_route=%2Fwp%2Fv2%2Fmedia&parent=3250"}],"wp:term":[{"taxonomy":"product_brand","embeddable":true,"href":"https:\/\/mchoses.fr\/index.php?rest_route=%2Fwp%2Fv2%2Fproduct_brand&post=3250"},{"taxonomy":"product_cat","embeddable":true,"href":"https:\/\/mchoses.fr\/index.php?rest_route=%2Fwp%2Fv2%2Fproduct_cat&post=3250"},{"taxonomy":"product_tag","embeddable":true,"href":"https:\/\/mchoses.fr\/index.php?rest_route=%2Fwp%2Fv2%2Fproduct_tag&post=3250"}],"curies":[{"name":"wp","href":"https:\/\/api.w.org\/{rel}","templated":true}]}}