{"id":3828,"date":"2023-11-27T17:03:55","date_gmt":"2023-11-27T16:03:55","guid":{"rendered":"https:\/\/mchoses.fr\/?post_type=product&#038;p=3828"},"modified":"2026-01-12T17:38:10","modified_gmt":"2026-01-12T16:38:10","slug":"bon-cadeau","status":"publish","type":"product","link":"https:\/\/mchoses.fr\/?product=bon-cadeau","title":{"rendered":"BON CADEAU"},"content":{"rendered":"<h2>BON CADEAU<\/h2>\n<p>vous avez tr\u00e8s tr\u00e8s envie de g\u00e2ter vos proches, mais vous ne savez pas vraiment ce qui peut leur faire plaisir&nbsp; ???<br \/>\nEh bien j\u2019ai peut-\u00eatre la solution \u270c\ud83c\udffc\ud83d\ude0e<\/p>\n<p>\u26a1\ufe0f Un BON CADEAU du montant que vous souhaitez, utilisable aussi bien pour tout ce qui se trouve dans la mercerie que pour les ateliers, de quoi satisfaire les tricoteuses, couturi\u00e8res, crocheteuses, brodeuses\u2026 que vous aimez tant \ud83d\udc95<\/p>\n<p>\u00c9videmment, vous pouvez \u00e9galement demander \u00e0 vos proches un bon cadeau pour No\u00ebl, votre anniversaire, votre f\u00eate&#8230; \ud83d\ude1c<\/p>\n<p><em>Conditions d\u2019utilisation<\/em><\/p>\n<p><em>Les bons cadeaux de la mercerie sont valables 6 mois \u00e0 compter de la date d\u2019achat. Pass\u00e9 ce d\u00e9lai, ils ne pourront plus \u00eatre utilis\u00e9s.<\/em><\/p>\n<p><em>Aucun remboursement ni d\u00e9rogation ne sera accord\u00e9.<\/em><\/p>\n","protected":false},"excerpt":{"rendered":"<p>BON CADEAU vous avez tr\u00e8s tr\u00e8s envie de g\u00e2ter vos proches, mais vous ne savez pas vraiment ce qui peut leur faire plaisir&nbsp; ??? Eh bien j\u2019ai peut-\u00eatre la solution &hellip; <\/p>\n","protected":false},"featured_media":3845,"comment_status":"closed","ping_status":"closed","template":"","meta":{"_crdt_document":"","_monsterinsights_skip_tracking":false,"_monsterinsights_sitenote_active":false,"_monsterinsights_sitenote_note":"","_monsterinsights_sitenote_category":0,"_uf_show_specific_survey":0,"_uf_disable_surveys":false,"jetpack_publicize_message":"","jetpack_publicize_feature_enabled":true,"jetpack_social_post_already_shared":true,"jetpack_social_options":{"image_generator_settings":{"template":"highway","default_image_id":0,"font":"","enabled":false},"version":2}},"product_brand":[],"product_cat":[194,109,193,168,166,160,167,195,197,192,159],"product_tag":[],"class_list":{"0":"post-3828","1":"product","2":"type-product","3":"status-publish","4":"has-post-thumbnail","6":"product_cat-accessoires","7":"product_cat-accueil","8":"product_cat-aiguilles-a-tricoter","9":"product_cat-ateliers","10":"product_cat-broderie","11":"product_cat-couture","12":"product_cat-crochet","13":"product_cat-fils-a-broder","14":"product_cat-kits","15":"product_cat-laines","16":"product_cat-tricot","18":"first","19":"instock","20":"featured","21":"taxable","22":"shipping-taxable","23":"purchasable","24":"product-type-variable"},"aioseo_notices":[],"jetpack_publicize_connections":[],"jetpack_sharing_enabled":true,"_links":{"self":[{"href":"https:\/\/mchoses.fr\/index.php?rest_route=\/wp\/v2\/product\/3828","targetHints":{"allow":["GET"]}}],"collection":[{"href":"https:\/\/mchoses.fr\/index.php?rest_route=\/wp\/v2\/product"}],"about":[{"href":"https:\/\/mchoses.fr\/index.php?rest_route=\/wp\/v2\/types\/product"}],"replies":[{"embeddable":true,"href":"https:\/\/mchoses.fr\/index.php?rest_route=%2Fwp%2Fv2%2Fcomments&post=3828"}],"wp:featuredmedia":[{"embeddable":true,"href":"https:\/\/mchoses.fr\/index.php?rest_route=\/wp\/v2\/media\/3845"}],"wp:attachment":[{"href":"https:\/\/mchoses.fr\/index.php?rest_route=%2Fwp%2Fv2%2Fmedia&parent=3828"}],"wp:term":[{"taxonomy":"product_brand","embeddable":true,"href":"https:\/\/mchoses.fr\/index.php?rest_route=%2Fwp%2Fv2%2Fproduct_brand&post=3828"},{"taxonomy":"product_cat","embeddable":true,"href":"https:\/\/mchoses.fr\/index.php?rest_route=%2Fwp%2Fv2%2Fproduct_cat&post=3828"},{"taxonomy":"product_tag","embeddable":true,"href":"https:\/\/mchoses.fr\/index.php?rest_route=%2Fwp%2Fv2%2Fproduct_tag&post=3828"}],"curies":[{"name":"wp","href":"https:\/\/api.w.org\/{rel}","templated":true}]}}