{"id":5105,"date":"2024-10-14T10:49:51","date_gmt":"2024-10-14T08:49:51","guid":{"rendered":"https:\/\/mchoses.fr\/?post_type=product&#038;p=5105"},"modified":"2026-04-23T10:19:40","modified_gmt":"2026-04-23T08:19:40","slug":"chaussettes","status":"publish","type":"product","link":"https:\/\/mchoses.fr\/?product=chaussettes","title":{"rendered":"RDV \u00ab\u00a0Chosettes\u00a0\u00bb"},"content":{"rendered":"<h3 class=\"moz-quote-pre\"><span data-olk-copy-source=\"MessageBody\">R\u00e9server sa place au Club Chosettes &#8211; <\/span><strong><span dir=\"auto\" style=\"vertical-align: inherit;\">5\u20ac<\/span><\/strong><\/h3>\n<p>Le Club Chosettes fonctionne sur r\u00e9servation afin de garantir un moment convivial et confortable pour chacune et chacun.<\/p>\n<ul>\n<li><strong><em>Quand peut-on venir ?<\/em><\/strong><\/li>\n<\/ul>\n<p>Chaque mois, vous pouvez choisir de participer : Le jeudi ou le samedi, lors du rendez-vous mensuel du club.<\/p>\n<p>Ces cr\u00e9neaux sont propos\u00e9s tout au long du mois et permettent \u00e0 chacun de trouver un moment adapt\u00e9 \u00e0 son emploi du temps.<\/p>\n<ul>\n<li><strong><em>Comment r\u00e9server ?<\/em><\/strong><\/li>\n<\/ul>\n<p>La r\u00e9servation se fait directement via le site internet ou en boutique.<\/p>\n<p>Vous choisissez le cr\u00e9neau (jeudi ou samedi) qui vous convient pour le mois en cours.<\/p>\n<p>Les places \u00e9tant limit\u00e9es, la r\u00e9servation est vivement conseill\u00e9e.<\/p>\n<p>&nbsp;<\/p>\n<p>Pour toute question ou besoin d\u2019aide lors de la r\u00e9servation, je reste disponible en boutique ou par message.<\/p>\n<p>Au plaisir de vous retrouver autour de vos aiguilles,<\/p>\n<p>&nbsp;<\/p>\n<p><span dir=\"auto\" style=\"vertical-align: inherit;\"><span dir=\"auto\" style=\"vertical-align: inherit;\">Id\u00e9es de <\/span><\/span><a href=\"https:\/\/www.lestriconautes.com\/modeles-de-chaussettes-au-tricot-pour-debutant\/\"><span dir=\"auto\" style=\"vertical-align: inherit;\"><span dir=\"auto\" style=\"vertical-align: inherit;\">Chaussettes \u00e0 tricot\u00e9es<\/span><\/span><\/a><\/p>\n","protected":false},"excerpt":{"rendered":"<p>R\u00e9server sa place au Club Chosettes &#8211; 5\u20ac Le Club Chosettes fonctionne sur r\u00e9servation afin de garantir un moment convivial et confortable pour chacune et chacun. Quand peut-on venir ? &hellip; <\/p>\n","protected":false},"featured_media":5106,"comment_status":"open","ping_status":"closed","template":"","meta":{"_crdt_document":"","_monsterinsights_skip_tracking":false,"_monsterinsights_sitenote_active":false,"_monsterinsights_sitenote_note":"","_monsterinsights_sitenote_category":0,"_uf_show_specific_survey":0,"_uf_disable_surveys":false,"jetpack_publicize_message":"","jetpack_publicize_feature_enabled":true,"jetpack_social_post_already_shared":true,"jetpack_social_options":{"image_generator_settings":{"template":"highway","default_image_id":0,"font":"","enabled":false},"version":2}},"product_brand":[],"product_cat":[109,168,192,159],"product_tag":[592,178,523,524,659,204,667,651,569,180],"class_list":{"0":"post-5105","1":"product","2":"type-product","3":"status-publish","4":"has-post-thumbnail","6":"product_cat-accueil","7":"product_cat-ateliers","8":"product_cat-laines","9":"product_cat-tricot","10":"product_tag-apres-midi","11":"product_tag-chaussettes","12":"product_tag-chosettes","13":"product_tag-club","14":"product_tag-jeudi","15":"product_tag-laine","16":"product_tag-matin","17":"product_tag-rdv","18":"product_tag-samedi","19":"product_tag-tricot","21":"first","22":"instock","23":"taxable","24":"shipping-taxable","25":"purchasable","26":"product-type-variable"},"aioseo_notices":[],"jetpack_publicize_connections":[],"jetpack_sharing_enabled":true,"_links":{"self":[{"href":"https:\/\/mchoses.fr\/index.php?rest_route=\/wp\/v2\/product\/5105","targetHints":{"allow":["GET"]}}],"collection":[{"href":"https:\/\/mchoses.fr\/index.php?rest_route=\/wp\/v2\/product"}],"about":[{"href":"https:\/\/mchoses.fr\/index.php?rest_route=\/wp\/v2\/types\/product"}],"replies":[{"embeddable":true,"href":"https:\/\/mchoses.fr\/index.php?rest_route=%2Fwp%2Fv2%2Fcomments&post=5105"}],"wp:featuredmedia":[{"embeddable":true,"href":"https:\/\/mchoses.fr\/index.php?rest_route=\/wp\/v2\/media\/5106"}],"wp:attachment":[{"href":"https:\/\/mchoses.fr\/index.php?rest_route=%2Fwp%2Fv2%2Fmedia&parent=5105"}],"wp:term":[{"taxonomy":"product_brand","embeddable":true,"href":"https:\/\/mchoses.fr\/index.php?rest_route=%2Fwp%2Fv2%2Fproduct_brand&post=5105"},{"taxonomy":"product_cat","embeddable":true,"href":"https:\/\/mchoses.fr\/index.php?rest_route=%2Fwp%2Fv2%2Fproduct_cat&post=5105"},{"taxonomy":"product_tag","embeddable":true,"href":"https:\/\/mchoses.fr\/index.php?rest_route=%2Fwp%2Fv2%2Fproduct_tag&post=5105"}],"curies":[{"name":"wp","href":"https:\/\/api.w.org\/{rel}","templated":true}]}}