{"id":5334,"date":"2024-12-13T11:37:19","date_gmt":"2024-12-13T10:37:19","guid":{"rendered":"https:\/\/mchoses.fr\/?post_type=product&#038;p=5334"},"modified":"2025-07-30T07:53:58","modified_gmt":"2025-07-30T05:53:58","slug":"laine-magazine-23","status":"publish","type":"product","link":"https:\/\/mchoses.fr\/?product=laine-magazine-23","title":{"rendered":"Laine Magazine 23"},"content":{"rendered":"<h3>LAINE MAGAZINE 23<\/h3>\n<p>Le num\u00e9ro d\u2019hiver, Laine 23, \u00ab\u00a0<em><strong>Borealis<\/strong><\/em>\u00ab\u00a0, vous emm\u00e8ne dans la campagne enneig\u00e9e lors de l\u2019une des journ\u00e9es les plus froides de l\u2019ann\u00e9e.<\/p>\n<p>Les mailles chaudes, douillettes et magnifiques comprennent de nombreux \u00e9l\u00e9ments essentiels de la garde-robe hivernale, tels qu\u2019un pull multicolore, un bonnet torsad\u00e9 et un cardigan \u00e9pais textur\u00e9. L\u2019immobilit\u00e9 sereine captur\u00e9e dans les photographies de cette \u00e9dition apaise votre esprit et vos sens.<\/p>\n<p>Cr\u00e9ateurs pr\u00e9sent\u00e9s dans ce num\u00e9ro : Pablo Aneiros, Kaori Katsurada, Liza Lewis, Hiromi Nagasawa, Sara Ottosson, Camille Romano, Macarena Silva, Lis Smith, Florence Spurling, Vibe Ulrik S\u00f8ndergaard et Tess Vandekolk.<\/p>\n<p>D\u00e9tails des patrons sur <a href=\"https:\/\/www.ravelry.com\/patterns\/sources\/laine-magazine-issue-23\">Ravelry<\/a><\/p>\n","protected":false},"excerpt":{"rendered":"<p>LAINE MAGAZINE 23 Le num\u00e9ro d\u2019hiver, Laine 23, \u00ab\u00a0Borealis\u00ab\u00a0, vous emm\u00e8ne dans la campagne enneig\u00e9e lors de l\u2019une des journ\u00e9es les plus froides de l\u2019ann\u00e9e. Les mailles chaudes, douillettes et &hellip; <\/p>\n","protected":false},"featured_media":5340,"comment_status":"open","ping_status":"closed","template":"","meta":{"_crdt_document":"","_monsterinsights_skip_tracking":false,"_monsterinsights_sitenote_active":false,"_monsterinsights_sitenote_note":"","_monsterinsights_sitenote_category":0,"_uf_show_specific_survey":0,"_uf_disable_surveys":false,"jetpack_publicize_message":"","jetpack_publicize_feature_enabled":true,"jetpack_social_post_already_shared":true,"jetpack_social_options":{"image_generator_settings":{"template":"highway","default_image_id":0,"font":"","enabled":false},"version":2}},"product_brand":[],"product_cat":[560,159],"product_tag":[675,515,176,204,653,561,654,656,652,657,562,180],"class_list":{"0":"post-5334","1":"product","2":"type-product","3":"status-publish","4":"has-post-thumbnail","6":"product_cat-librairie","7":"product_cat-tricot","8":"product_tag-675","9":"product_tag-aiguilles-circulaires","10":"product_tag-circulaire","11":"product_tag-laine","12":"product_tag-laines","13":"product_tag-livre","14":"product_tag-magazine","15":"product_tag-nouveaute","16":"product_tag-patrons","17":"product_tag-precommande","18":"product_tag-pull","19":"product_tag-tricot","21":"first","22":"instock","23":"taxable","24":"shipping-taxable","25":"purchasable","26":"product-type-simple"},"aioseo_notices":[],"jetpack_publicize_connections":[],"jetpack_sharing_enabled":true,"_links":{"self":[{"href":"https:\/\/mchoses.fr\/index.php?rest_route=\/wp\/v2\/product\/5334","targetHints":{"allow":["GET"]}}],"collection":[{"href":"https:\/\/mchoses.fr\/index.php?rest_route=\/wp\/v2\/product"}],"about":[{"href":"https:\/\/mchoses.fr\/index.php?rest_route=\/wp\/v2\/types\/product"}],"replies":[{"embeddable":true,"href":"https:\/\/mchoses.fr\/index.php?rest_route=%2Fwp%2Fv2%2Fcomments&post=5334"}],"wp:featuredmedia":[{"embeddable":true,"href":"https:\/\/mchoses.fr\/index.php?rest_route=\/wp\/v2\/media\/5340"}],"wp:attachment":[{"href":"https:\/\/mchoses.fr\/index.php?rest_route=%2Fwp%2Fv2%2Fmedia&parent=5334"}],"wp:term":[{"taxonomy":"product_brand","embeddable":true,"href":"https:\/\/mchoses.fr\/index.php?rest_route=%2Fwp%2Fv2%2Fproduct_brand&post=5334"},{"taxonomy":"product_cat","embeddable":true,"href":"https:\/\/mchoses.fr\/index.php?rest_route=%2Fwp%2Fv2%2Fproduct_cat&post=5334"},{"taxonomy":"product_tag","embeddable":true,"href":"https:\/\/mchoses.fr\/index.php?rest_route=%2Fwp%2Fv2%2Fproduct_tag&post=5334"}],"curies":[{"name":"wp","href":"https:\/\/api.w.org\/{rel}","templated":true}]}}