{"id":954,"date":"2022-03-17T10:46:39","date_gmt":"2022-03-17T09:46:39","guid":{"rendered":"https:\/\/mchoses.fr\/?post_type=product&#038;p=954"},"modified":"2025-01-25T21:13:47","modified_gmt":"2025-01-25T20:13:47","slug":"patron-veste-premiere","status":"publish","type":"product","link":"https:\/\/mchoses.fr\/?product=patron-veste-premiere","title":{"rendered":"Patron veste PREMIERE (PDF)"},"content":{"rendered":"<h2 class=\"title\">Patron de la veste PREMIERE<\/h2>\n<p>Veste courte avec poches plaqu\u00e9es.<\/p>\n<p>Le patron est \u00e0 t\u00e9l\u00e9charger en PDF, puis \u00e0 imprimer sur 32 pages en A4.<\/p>\n<p><em><strong>Les valeurs de couture ne sont pas comprises.<\/strong><\/em><\/p>\n<ul>\n<li>Tailles : 34 \u00e0 52<\/li>\n<li>Niveau : 2\/5<\/li>\n<\/ul>\n<p><strong>TISSU<\/strong><\/p>\n<table style=\"height: 109px\" border=\"1\" width=\"401\">\n<tbody>\n<tr>\n<td width=\"150\">\u00a0<strong>Tissu (laize 140 cm)<\/strong><\/td>\n<td width=\"100\">\u00a0 \u00a0 \u00a034 au 42<\/td>\n<td width=\"100\">\u00a0 \u00a0 \u00a044 au 52<\/td>\n<\/tr>\n<tr>\n<td width=\"150\">Tissu principal<\/td>\n<td width=\"100\">\u00a0 \u00a0 \u00a0 \u00a0 1m60<\/td>\n<td width=\"40\">\u00a0 \u00a0 \u00a0 \u00a01m70<\/td>\n<\/tr>\n<tr>\n<td width=\"150\">Tissu doublure<\/td>\n<td width=\"100\">\u00a0 \u00a0 \u00a0 \u00a0 1m20<\/td>\n<td width=\"100\">\u00a0 \u00a0 \u00a0 \u00a01m30<\/td>\n<\/tr>\n<\/tbody>\n<\/table>\n<p><strong>Tissus conseill\u00e9s :<\/strong> Pour un bon maintien, privil\u00e9gier un tissu au poids moyen \u00e0 lourds.<\/p>\n<p>Coton, serg\u00e9 de viscose, batiste, Wax, velours, fourrure, jacquard&#8230;voile de coton, satin de coton l\u00e9ger. Pr\u00e9voyez davantage de tissu pour raccorder les motifs.<\/p>\n<p><strong>Doublure conseill\u00e9es :<\/strong><\/p>\n<p>Popeline de coton, voile de coton, satin de coton l\u00e9ger, jersey&#8230;<\/p>\n<p>&nbsp;<\/p>\n<p>Mensurations de Marion : 1m73 &#8211; 103\/86\/111<\/p>\n","protected":false},"excerpt":{"rendered":"<p>Veste courte avec poches plaqu\u00e9es.<\/p>\n","protected":false},"featured_media":956,"comment_status":"open","ping_status":"closed","template":"","meta":{"_crdt_document":"","_monsterinsights_skip_tracking":false,"_monsterinsights_sitenote_active":false,"_monsterinsights_sitenote_note":"","_monsterinsights_sitenote_category":0,"_uf_show_specific_survey":0,"_uf_disable_surveys":false,"jetpack_publicize_message":"","jetpack_publicize_feature_enabled":true,"jetpack_social_post_already_shared":false,"jetpack_social_options":{"image_generator_settings":{"template":"highway","default_image_id":0,"font":"","enabled":false},"version":2}},"product_brand":[],"product_cat":[160,201],"product_tag":[82,131,155,103,156,157,132,134,102,154],"class_list":{"0":"post-954","1":"product","2":"type-product","3":"status-publish","4":"has-post-thumbnail","6":"product_cat-couture","7":"product_cat-patrons","8":"product_tag-coton","9":"product_tag-cousu-main","10":"product_tag-couture","11":"product_tag-mode","12":"product_tag-patron","13":"product_tag-patron-couture","14":"product_tag-pret-a-porter","15":"product_tag-tendance","16":"product_tag-velours","17":"product_tag-veste","19":"first","20":"instock","21":"downloadable","22":"virtual","23":"taxable","24":"purchasable","25":"product-type-simple"},"aioseo_notices":[],"jetpack_publicize_connections":[],"jetpack_sharing_enabled":true,"_links":{"self":[{"href":"https:\/\/mchoses.fr\/index.php?rest_route=\/wp\/v2\/product\/954","targetHints":{"allow":["GET"]}}],"collection":[{"href":"https:\/\/mchoses.fr\/index.php?rest_route=\/wp\/v2\/product"}],"about":[{"href":"https:\/\/mchoses.fr\/index.php?rest_route=\/wp\/v2\/types\/product"}],"replies":[{"embeddable":true,"href":"https:\/\/mchoses.fr\/index.php?rest_route=%2Fwp%2Fv2%2Fcomments&post=954"}],"wp:featuredmedia":[{"embeddable":true,"href":"https:\/\/mchoses.fr\/index.php?rest_route=\/wp\/v2\/media\/956"}],"wp:attachment":[{"href":"https:\/\/mchoses.fr\/index.php?rest_route=%2Fwp%2Fv2%2Fmedia&parent=954"}],"wp:term":[{"taxonomy":"product_brand","embeddable":true,"href":"https:\/\/mchoses.fr\/index.php?rest_route=%2Fwp%2Fv2%2Fproduct_brand&post=954"},{"taxonomy":"product_cat","embeddable":true,"href":"https:\/\/mchoses.fr\/index.php?rest_route=%2Fwp%2Fv2%2Fproduct_cat&post=954"},{"taxonomy":"product_tag","embeddable":true,"href":"https:\/\/mchoses.fr\/index.php?rest_route=%2Fwp%2Fv2%2Fproduct_tag&post=954"}],"curies":[{"name":"wp","href":"https:\/\/api.w.org\/{rel}","templated":true}]}}